{"id":8297,"date":"2025-11-24T10:32:07","date_gmt":"2025-11-24T07:32:07","guid":{"rendered":"https:\/\/grafiktasarim.avrasya.edu.tr\/?page_id=8297"},"modified":"2025-11-24T10:32:29","modified_gmt":"2025-11-24T07:32:29","slug":"program-ogretim-amaclari","status":"publish","type":"page","link":"https:\/\/grafiktasarim.avrasya.edu.tr\/?page_id=8297","title":{"rendered":"Program \u00d6\u011fretim Ama\u00e7lar\u0131"},"content":{"rendered":"","protected":false},"excerpt":{"rendered":"","protected":false},"author":1,"featured_media":0,"parent":0,"menu_order":0,"comment_status":"closed","ping_status":"closed","template":"","meta":{"footnotes":""},"class_list":["post-8297","page","type-page","status-publish","hentry"],"_links":{"self":[{"href":"https:\/\/grafiktasarim.avrasya.edu.tr\/index.php?rest_route=\/wp\/v2\/pages\/8297","targetHints":{"allow":["GET"]}}],"collection":[{"href":"https:\/\/grafiktasarim.avrasya.edu.tr\/index.php?rest_route=\/wp\/v2\/pages"}],"about":[{"href":"https:\/\/grafiktasarim.avrasya.edu.tr\/index.php?rest_route=\/wp\/v2\/types\/page"}],"author":[{"embeddable":true,"href":"https:\/\/grafiktasarim.avrasya.edu.tr\/index.php?rest_route=\/wp\/v2\/users\/1"}],"replies":[{"embeddable":true,"href":"https:\/\/grafiktasarim.avrasya.edu.tr\/index.php?rest_route=%2Fwp%2Fv2%2Fcomments&post=8297"}],"version-history":[{"count":2,"href":"https:\/\/grafiktasarim.avrasya.edu.tr\/index.php?rest_route=\/wp\/v2\/pages\/8297\/revisions"}],"predecessor-version":[{"id":8299,"href":"https:\/\/grafiktasarim.avrasya.edu.tr\/index.php?rest_route=\/wp\/v2\/pages\/8297\/revisions\/8299"}],"wp:attachment":[{"href":"https:\/\/grafiktasarim.avrasya.edu.tr\/index.php?rest_route=%2Fwp%2Fv2%2Fmedia&parent=8297"}],"curies":[{"name":"wp","href":"https:\/\/api.w.org\/{rel}","templated":true}]}}